 factors of 112879285?
5, 19, 23, 2719
What are the prime factors of 22361448?
2, 3, 931727
List the prime factors of 105832578.
2, 3, 151, 199, 587
List the prime factors of 322808427.
3, 17, 23, 91733
What are the prime factors of 2311400498?
2, 11, 47, 367, 6091
What are the prime factors of 1962340356?
2, 3, 5779, 28297
What are the prime factors of 198117184?
2, 17, 211, 863
List the prime factors of 136830893.
251, 545143
List the prime factors of 302846519.
8597, 35227
What are the prime factors of 379114173?
3, 37, 47, 24223
List the prime factors of 2620623840.
2, 3, 5, 2293, 2381
List the prime factors of 83811950.
2, 5, 71, 23609
What are the prime factors of 270638218?
2, 491, 275599
What are the prime factors of 94946627?
47, 181, 11161
What are the prime factors of 453211972?
2, 109, 1039477
What are the prime factors of 393608726?
2, 7, 28114909
What are the prime factors of 93902839?
1117, 84067
What are the prime factors of 1934015921?
1934015921
List the prime factors of 53231438.
2, 13, 223, 9181
List the prime factors of 1042839343.
7, 13, 23, 38327
What are the prime factors of 2514555?
3, 5, 17, 19, 173
List the prime factors of 13415543.
79, 169817
What are the prime factors of 4628552419?
59, 78450041
List the prime factors of 643226333.
691, 930863
What are the prime factors of 72556872?
2, 3, 773, 3911
List the prime factors of 51516009.
3, 5724001
List the prime factors of 306751381.
41, 673, 11117
List the prime factors of 61746925.
5, 43, 71, 809
What are the prime factors of 7006859?
41, 170899
List the prime factors of 951551684.
2, 3541, 67181
List the prime factors of 153052253.
227, 674239
List the prime factors of 154793060.
2, 5, 443, 17471
What are the prime factors of 234218602?
2, 73, 1604237
What are the prime factors of 216772388?
2, 7, 7741871
What are the prime factors of 119968715?
5, 23993743
List the prime factors of 25658866.
2, 41, 211, 1483
What are the prime factors of 177331128?
2, 3, 13, 443, 1283
What are the prime factors of 25729258?
2, 233, 55213
What are the prime factors of 76253413?
5849, 13037
What are the prime factors of 5727582024?
2, 3, 238649251
What are the prime factors of 339189362?
2, 169594681
List the prime factors of 100877782.
2, 31, 1627061
List the prime factors of 477357834.
2, 3, 41, 1940479
What are the prime factors of 5163646350?
2, 3, 5, 34424309
List the prime factors of 108590602.
2, 541, 100361
List the prime factors of 758093946.
2, 3, 83, 751, 2027
What are the prime factors of 121981321?
7, 11, 73, 21701
What are the prime factors of 105282853?
13, 17, 359, 1327
List the prime factors of 4414301264.
2, 107, 463, 5569
What are the prime factors of 65449786?
2, 32724893
List the prime factors of 23052000.
2, 3, 5, 17, 113
What are the prime factors of 176055781?
11, 29, 19031
List the prime factors of 193357336.
2, 24169667
What are the prime factors of 198904118?
2, 7, 1193, 11909
List the prime factors of 3806128999.
59, 64510661
List the prime factors of 2399424820.
2, 5, 13, 131, 5419
List the prime factors of 7807682.
2, 43, 90787
List the prime factors of 179370109.
2939, 61031
List the prime factors of 734300525.
5, 7, 599429
List the prime factors of 18074183.
1163, 15541
What are the prime factors of 181333481?
7, 101, 256483
What are the prime factors of 1112220953?
53, 20985301
List the prime factors of 837946986.
2, 3, 197, 708923
List the prime factors of 49523921.
67, 739163
List the prime factors of 293423156.
2, 13, 19, 296987
What are the prime factors of 8359205507?
17, 491717971
What are the prime factors of 57002161?
131, 435131
What are the prime factors of 1728727806?
2, 3, 13, 19, 1166483
List the prime factors of 13025242.
2, 673, 9677
List the prime factors of 640748355.
3, 5, 13, 3285889
What are the prime factors of 1466006242?
2, 181, 1451, 2791
What are the prime factors of 723783149?
59, 12267511
What are the prime factors of 191911912?
2, 17, 1411117
List the prime factors of 19152864.
2, 3, 73, 911
What are the prime factors of 18144120?
2, 3, 5, 151201
What are the prime factors of 413354308?
2, 139, 163, 4561
List the prime factors of 24748608.
2, 3, 83, 1553
What are the prime factors of 24865096?
2, 1129, 2753
List the prime factors of 3796763411.
7, 71, 7639363
What are the prime factors of 3676239970?
2, 5, 13, 17, 1663457
What are the prime factors of 161425253?
11, 1334093
List the prime factors of 666089517.
3, 19, 109, 107209
List the prime factors of 251422086.
2, 3, 41, 191, 5351
List the prime factors of 2814463120.
2, 5, 7, 181, 27767
What are the prime factors of 83444623?
109, 229, 3343
What are the prime factors of 44688653?
43, 293, 3547
What are the prime factors of 64994492?
2, 16248623
What are the prime factors of 226481709?
3, 75493903
List the prime factors of 666591848.
2, 13, 43, 149059
What are the prime factors of 35421451?
13, 2724727
What are the prime factors of 1168957604?
2, 17, 239, 4231
What are the prime factors of 1179177732?
2, 3, 17, 89, 21649
List the prime factors of 597935376.
2, 3, 4152329
What are the prime factors of 88228574?
2, 7, 683, 9227
What are the prime factors of 84711415?
5, 23, 32027
List the prime factors of 332871958.
2, 283, 588113
What are the prime factors of 478354803?
3, 159451601
List the prime factors of 56264880.
2, 3, 5, 7, 107, 313
List the prime factors of 39743540.
2, 5, 23, 86399
What are the prime factors of 2220518504?
2, 571, 486103
List the prime factors of 40734914.
2, 11, 1851587
List the prime factors of 794553896.
2, 99319237
What are the prime factors of 101456262?
2, 3, 89, 63331
List the prime factors of 834236309.
167, 4995427
List the prime factors of 235002429.
3, 37, 705713
What are the prime factors of 55470663?
3, 41, 16703
List the prime factors of 290363672.
2, 17, 2135027
List the prime factors of 1528952761.
7, 23, 29, 327469
What are the prime factors of 932081785?
5, 23, 8105059
List the prime factors of 572120873.
17, 571, 3467
What are the prime factors of 23405474?
2, 641, 18257
List the prime factors of 7379195.
5, 29, 50891
List the prime factors of 1056490439.
1056490439
What are the prime factors of 7037584071?
3, 7, 31, 227, 47623
List the prime factors of 244074727.
13, 18774979
List the prime factors of 1244100576.
2, 3, 251, 51631
What are the prime factors of 3601135?
5, 61, 11807
What are the prime factors of 8025644680?
2, 5, 251, 659, 1213
List the prime factors of 1029312865.
5, 7, 401, 10477
What are the prime factors of 201686894?
2, 599, 168353
What are the prime factors of 26011597?
23, 1130939
What are the prime factors of 59139697?
3853, 15349
What are the prime factors of 19700302?
2, 19, 518429
What are the prime factors of 2788770053?
113, 24679381
What are the prime factors of 536830565?
5, 31, 719, 4817
What are the prime factors of 1309073314?
2, 769, 851153
List the prime factors of 196555652.
2, 887, 55399
What are the prime factors of 725383862?
2, 7, 19, 2727007
List the prime factors of 64851058.
2, 149, 269, 809
What are the prime factors of 209308660?
2, 5, 11, 29, 53, 619
What are the prime factors of 1425022818?
2, 3, 31, 347, 22079
List the prime factors of 936360815.
5, 13, 151, 95401
List the prime factors of 3963467080.
2, 5, 71, 199, 7013
List the prime factors of 113863522.
2, 487, 116903
List the prime factors of 587249553.
3, 11, 17795441
What are the prime factors of 489930425?
5, 2621, 7477
What are the prime factors of 474801864?
2, 3, 2269, 8719
What are the prime factors of 603647400?
2, 3, 5, 197, 5107
What are the prime factors of 1721526712?
2, 199, 1081361
List the prime factors of 229996374.
2, 3, 613, 62533
What are the prime factors of 38760315?
3, 5, 11, 61, 3851
What are the prime factors of 885429867?
3, 7, 79, 533713
List the prime factors of 87494541.
3, 29164847
What are the prime factors of 4941697624?
2, 73, 8461811
List the prime factors of 10614501.
3, 1179389
What are the prime factors of 122809651?
122809651
List the prime factors of 1020886844.
2, 12763, 19997
What are the prime factors of 74240890?
2, 5, 97, 76537
List the prime factors of 569344793.
47, 1093, 11083
List the prime factors of 521809258.
2, 260904629
What are the prime factors of 23100514?
2, 929,